032?
2002120322
In base 11, what is 21 - 2246568?
-2246547
In base 3, what is -1 - 10110120122000211?
-10110120122000212
In base 15, what is -a23 - 10a1b?
-1153e
In base 15, what is 0 - 81bec3d?
-81bec3d
In base 3, what is 1010020 - -1202110100?
1210120120
In base 9, what is 276 - 23126?
-22740
In base 16, what is -ac + -78b1?
-795d
In base 8, what is -5230 + 663574?
656344
In base 7, what is 0 + -43260042?
-43260042
In base 11, what is -10929072 - -4?
-10929069
In base 16, what is 84cf - 1e76?
6659
In base 13, what is 5 + 2c2717a?
2c27182
In base 16, what is -7451 - -4f?
-7402
In base 13, what is -a + -4220372?
-422037c
In base 10, what is 10575053 - 8?
10575045
In base 5, what is -3403 + -332112021?
-332120424
In base 12, what is 169a526 + 1?
169a527
In base 5, what is 102324 + 212041?
314420
In base 13, what is -61b2a79 + -3?
-61b2a7c
In base 15, what is -2 - 75e6dc3?
-75e6dc5
In base 10, what is 10 + 4365504?
4365514
In base 6, what is -421253133 - 22?
-421253155
In base 10, what is 12 - -2305152?
2305164
In base 4, what is 1211003313110 + -133?
1211003312311
In base 3, what is 2 + 22002021012022?
22002021012101
In base 16, what is -86b08b - 5?
-86b090
In base 9, what is -4062013 + -5?
-4062018
In base 6, what is 24001 + 2431420?
2455421
In base 7, what is -106 + 145543?
145434
In base 8, what is 512 - -37062?
37574
In base 12, what is -16 + -a87780?
-a87796
In base 11, what is 17 - 101218?
-101201
In base 2, what is 11 - 10000101101100001001001?
-10000101101100001000110
In base 9, what is 4 + 2334057?
2334062
In base 6, what is -12430 + 122215?
105345
In base 3, what is 120100200 - -20000?
120120200
In base 2, what is 1100 + -10010100001000101110110?
-10010100001000101101010
In base 14, what is -35220d4 + 0?
-35220d4
In base 4, what is -3022120313 + 11?
-3022120302
In base 6, what is 151032 + 31243?
222315
In base 9, what is -78242523 - 1?
-78242524
In base 13, what is -2438a6 - -12?
-243894
In base 14, what is 230315a4 + 5?
230315a9
In base 11, what is -204219 - -15?
-204204
In base 10, what is -13356 - -11906?
-1450
In base 12, what is 79b4705 + 3?
79b4708
In base 12, what is -14a3 - -27aa?
1307
In base 4, what is -3 + -3203323130?
-3203323133
In base 13, what is 6 - 96524b?
-965245
In base 8, what is -2156133503 + 2?
-2156133501
In base 15, what is 2384dccc - 3?
2384dcc9
In base 12, what is -16 - 956b1?
-95707
In base 4, what is -3 + 11003312101120?
11003312101111
In base 11, what is 11 - -38a5a3?
38a604
In base 8, what is 2403036 + -13?
2403023
In base 16, what is -c01720 - 2?
-c01722
In base 14, what is 29 - 12c58?
-12c2d
In base 15, what is -2dec - 3b9a?
-6a97
In base 16, what is -2 + 766f06?
766f04
In base 15, what is -12 - 5a2d757?
-5a2d769
In base 10, what is 11955308 + 4?
11955312
In base 3, what is -11110111210212111 - -120?
-11110111210211221
In base 15, what is -11 - -8e4c?
8e3b
In base 2, what is -10111101110111100010000001 + 101?
-10111101110111100001111100
In base 5, what is 1 + 41210103113?
41210103114
In base 13, what is -2cb41165 + -4?
-2cb41169
In base 5, what is 323240 - 2310434?
-1432144
In base 12, what is 2801 - 531?
2290
In base 16, what is -1 + 157d6d9?
157d6d8
In base 2, what is -11101011000110 + 110111100?
-11100100001010
In base 13, what is ab01c0 + -5?
ab01b8
In base 16, what is 1550c3 - -9?
1550cc
In base 16, what is 92dcd39 + 0?
92dcd39
In base 16, what is -212b3 - 23?
-212d6
In base 15, what is 62 - 382e80?
-382e1d
In base 7, what is -34 + 50222026?
50221662
In base 3, what is -11 - -1122201100222?
1122201100211
In base 13, what is -128cb9c2 + 4?
-128cb9bb
In base 10, what is 3 + 678415?
678418
In base 9, what is 656 + 32626?
33383
In base 4, what is 11 + -32221132300?
-32221132223
In base 2, what is 0 + 101010101011111011010?
101010101011111011010
In base 3, what is 201102221101111 - 21?
201102221101020
In base 14, what is 38d85 - 1307?
37a7c
In base 15, what is 25cc78 + -65?
25cc13
In base 10, what is -2 - -3254197?
3254195
In base 9, what is 3 - -256714?
256717
In base 11, what is -25a - -3914a?
389a0
In base 5, what is 22411310 - 234?
22411021
In base 11, what is -1 + 1032156?
1032155
In base 13, what is -b - 10125b09?
-10125b17
In base 3, what is 120210222 - 1122101?
112011121
In base 7, what is 44 - 40256423?
-40256346
In base 10, what is 220055305 - 0?
220055305
In base 13, what is -4429a + -75?
-44342
In base 3, what is -212022 + 1012102211?
1011120112
In base 4, what is 11100132120 - 3?
11100132111
In base 4, what is -2133231 - 130230?
-2330121
In base 5, what is 4242 + -12200321?
-12141024
In base 7, what is 43323042 - 115?
43322624
In base 9, what is 114638 + 185?
114834
In base 12, what is -30686b91 + -6?
-30686b97
In base 2, what is -100101010010101101100010101 + 0?
-100101010010101101100010101
In base 16, what is 111 + -c549a?
-c5389
In base 16, what is -296 - -480e?
4578
In base 8, what is 172367003 - 2?
172367001
In base 12, what is -4a520 + -474?
-4a994
In base 7, what is -14115 - -212?
-13603
In base 5, what is 4 + -203134304?
-203134300
In base 15, what is 6e127 + 2?
6e129
In base 5, what is 4221040310 + -11?
4221040244
In base 11, what is -334 - 128137a?
-1281703
In base 3, what is 12 - 21201110212210010?
-21201110212202221
In base 11, what is -362083 - 30?
-362103
In base 9, what is 2475634 + -21?
2475613
In base 9, what is -314 + 80681?
80366
In base 12, what is -310487 + -41?
-310508
In base 6, what is 3232511310 - -3?
3232511313
In base 6, what is -304523 - 13?
-304540
In base 4, what is 1301013 - 1003033?
231320
In base 11, what is -29 + 2251a00?
2251982
In base 2, what is -100111010010000101 + -110011101?
-100111011000100010
In base 8, what is 11520 + -10627?
671
In base 11, what is 5704a07 + -2?
5704a05
In base 2, what is 111 + -1001101011110101100?
-1001101011110100101
In base 10, what is -82793967 - -1?
-82793966
In base 2, what is 111110010101111 + -11011000?
111101111010111
In base 9, what is -1643721 + -134?
-1643855
In base 15, what is 3 + 399654?
399657
In base 8, what is -14 - 10200340?
-10200354
In base 3, what is 10021022200 - -12102000?
10110201200
In base 13, what is -31 - -aa79?
aa48
In base 7, what is -165 - -314203?
314005
In base 14, what is -87295 + -13?
-872a8
In base 2, what is 0 + 100001110100001100000110?
100001110100001100000110
In base 2, what is -110000110011001 + -10010011000100?
-1000011001011101
In base 7, what is 523 - 2031621?
-2031065
In base 12, what is -58691a + 5?
-586915
In base 13, what is a93 - 381?
712
In base 14, what is -575b2895 + -2?
-575b2897
In base 15, what is e6756 - -11?
e6767
In base 5, what is 230300 - -100124?
330424
In base 3, what is -101022021021 - -10021?
-101022011000
In base 2, what is -1111001101111000101001100 - -1101?
-1111001101111000100111111
In base 9, what is -53302 + 20137?
-33154
In base 10, what is -506822 - -595?
-506227
In base 6, what is 1114 + 53255045?
53300203
In base 11, what is -2 + 8565043?
8565041
In base 7, what is 216464432 + 4?
216464436
In base 3, what is -201022100000111020 - -10?
-201022100000111010
In base 7, what is 2521 + 304113?
306634
In base 7, what is 10640 - -1101213?
1112153
In base 5, what is 10322 + 40214401?
40230223
In base 13, what is -16892 - -167?
-16728
In base 11, what is -2a - -5562404?
5562385
In base 6, what is -3 - -145015253?
145015250
In base 6, what is -4021 + -15014210?
-15022231
In base 16, what is -5 - -eff5220?
eff521b
In base 10, what is -5492034 + 27?
-5492007
In base 15, what is 673ae1a + 0?
673ae1a
In base 2, what is 11 + 11111100011111111000010?
11111100011111111000101
In base 5, what is -40 + 31032022?
31031432
In base 15, what is -8d - -19681?
195e3
In base 5, what is 22233400231 + -22?
22233400204
In base 13, what is -5bb057b - -c?
-5bb056c
In base 3, what is 11 + 11110010021221220?
11110010021222001
In base 13, what is -67c - -17a6a6?
17a027
In base 4, what is -3002 - -13323221300?
13323212232
In base 3, what is 222120 - 2220002122?
-2212010002
In base 10, what is -318 + -457195?
-457513
In base 8, what is -477145 - 234?
-477401
In base 13, what is -1683 - -6a?
-1616
In base 13, what is 37 + -665a33?
-6659c9
In base 7, what is -11146616 + 13?
-11146603
In base 5, what is -204104 - 20022?
-224131
In base 6, what is 441540 + 20134?
502114
In base 14, what is -